224782 - q**2 + q + 6*q**2 - 224761 - q**3. Determine g(5).
26
Let x(d) = d**2 + 15*d - 15. Let j be x(-16). Let n(l) = l**3 + 5*l**2 + 12*l**2 - 10*l**2 - j + 5*l - 2. Let v be ((-18)/(-4))/(18/(-24)). Give n(v).
3
Suppose 10 = 4*k + 13*g - 8*g, 4*k + 2*g + 8 = 0. Let r(j) = -j**3 - 7*j**2 - 9*j - 16. Give r(k).
-21
Let z(l) = -166*l - 79. Let y be z(7). Let t be (-6)/20 - y/170. Let o(r) = 2*r - 1. What is o(t)?
13
Let t be -5 + (-1 + 2 - (-4 - -11)). Let l(g) = -g**3 - 13*g**2 - 24*g - 21. What is l(t)?
1
Suppose -3*f = r + 2, -5*f + 0*f + 3*r = -6. Suppose 3*l - 14 = -2*v, 3*l - 3*v = -f*v + 9. Let n be -4 + (4/l + -1 - 3). Let b(i) = -i**2 - 6*i - 3. Give b(n).
-10
Let d(x) = 4*x**2 + 77*x + 13. Let s be (-35)/2 + ((-9)/10 - 63/105). Calculate d(s).
-6
Let i(k) = -k**3 - 2*k**2 + 2*k + 2. Let q be ((8/(-3))/(-2))/(88/(-132)). Calculate i(q).
-2
Let p(j) = j**2 + 7*j. Let c = 68 - 36. Let i = 11 + c. Suppose -5*b + 18 - i = 0. Give p(b).
-10
Let k(d) be the second derivative of -2*d**3 + 14*d + 13/12*d**4 + 0 - 2*d**2 - 1/20*d**5. Calculate k(12).
-4
Suppose 0 = -2*u - 6, 0*k + 3*k - 12 = -2*u. Let j(t) = -t**3 + 5*t**2 + 5*t + 3. What is j(k)?
-3
Let a(n) = -n**3 + 11*n**2 - 10*n - 7. Let h = 10121 + -10111. Determine a(h).
-7
Let w(i) = 175*i + 251. Let q(x) = -52*x - 84. Let z(b) = -10*q(b) - 3*w(b). Determine z(20).
-13
Let w be (-204)/(-24)*(-4)/(-2). Let n(s) = -w - 2*s - 2*s**2 - 19 + 37. Suppose -7*o + 5*t = -9*o + 11, t = o + 5. Give n(o).
-3
Let z = 12779 - 12757. Let y(k) = -k**2 + 24*k - 26. Determine y(z).
18
Let m(y) = 38*y - 2 + 4*y**3 + 2 + 5 + 35*y**2 - 95*y. Let l(o) = -o**3 - 9*o**2 + 14*o - 1. Let c(x) = 9*l(x) + 2*m(x). Calculate c(-12).
1
Let q(d) = -d**3 - 4*d**2 - 3. Let l(z) = -58*z - 1. Let r(m) = 58*m + 2. Let v(u) = -4*l(u) - 5*r(u). Let h be v(2). Let n = -126 - h. Calculate q(n).
-3
Let r(a) = 5*a**2 + 2*a - 2. Suppose -2 = p, -3*n = p - 9 + 5. Determine r(n).
22
Let w(r) be the first derivative of -21*r**2/2 + 837*r - 4668. Give w(40).
-3
Suppose 9*w = 1618 + 290. Let m be (-2)/(-12) + -4 + w/24. Suppose -5*b + 6*b = m. Let g(t) = -2*t + 6. Determine g(b).
-4
Let d(k) = -k**2 + 6*k + 19. Let t be d(8). Suppose t*h - h = 0. Let j(m) = 3 + 1 + h - m**2 + 3*m. What is j(4)?
0
Suppose 8*b - 10 + 34 = 0. Let l(i) = -6*i**2 + i**2 + 0*i - 3*i**2 - 3 - 4*i - i**3. What is l(b)?
-36
Let g be 8/1*2/4. Suppose -8*l - 19*l = -162. Let y(v) = 3*v + l*v**2 + 2*v - 8*v - 2 + v - 5*v**2. Calculate y(g).
6
Let w be (-2 - 64/(-28)) + (-131)/(-7). Let g(k) = k**2 - 18*k - 27. Give g(w).
-8
Let c(r) be the third derivative of r**5/120 + 3*r**4/8 + 29*r**3/3 + 100*r**2. Let l(k) be the first derivative of c(k). Determine l(-9).
0
Let y(u) = -2*u + 33. Let z(c) = -c + 17. Suppose -344*a + 30 = -338*a. Let q(x) = a*z(x) - 3*y(x). Determine q(-10).
-24
Let p(w) = 10*w**2 + 73*w - 126. Let g(o) = 17*o**2 + 146*o - 258. Let y(t) = -3*g(t) + 5*p(t). What is y(2)?
-6
Let c(p) = 2*p**2 + 90*p + 1011. Let d be c(-22). Let b(j) = 20*j**2 + 19*j + 2. Determine b(d).
3
Let p(k) = -7*k**3 - 3*k**2 + 16*k - 28. Let s(w) = -6*w**3 - 2*w**2 + 15*w - 23. Let c(m) = -5*p(m) + 6*s(m). What is c(5)?
2
Let v be -24*((-4)/(48/(-9)) - 0). Let r = -14 - v. Suppose 8 = -4*c + r*n, 3*n - 24 = -4*c - n. Let k(f) = 3*f**2 - f - 2. Calculate k(c).
8
Let t(j) be the third derivative of 0*j - 1/24*j**4 + 46*j**2 - 1/120*j**6 + 0 + 11/6*j**3 + 3/20*j**5. Suppose 0 = 4*h + 4 - 40. Calculate t(h).
2
Let c(k) be the first derivative of -k**3/3 + 11*k**2/2 + 315*k + 3504. Calculate c(-13).
3
Let h(g) = -g**3 - 8*g**2 - 14*g - 4. Let k = -5870 + 5866. Calculate h(k).
-12
Suppose -550*n + 551*n = 19, 2*n - 5 - 27 = 5*f - n. Let g(q) = -5*q + 5. Let s = 6 - 4. Let l(b) = 11*b - 9. Let c(d) = s*l(d) + 5*g(d). What is c(f)?
-8
Let u = -39 + 38. Let f be 1 + 12 + 2 + u. Let v(a) = f + 8 - 3*a - 23. Give v(3).
-10
Let i(g) = 4 - 2*g - 2 + 4*g - g. Suppose 0 = b + b + c, 4*b + 4*c = -8. Suppose b*k - 5*k + 9 = 0. Give i(k).
5
Suppose -26*r = -14*r + 4272. Let x = -357 - r. Let w(o) = 6*o. Calculate w(x).
-6
Let b(y) be the third derivative of 1/120*y**6 + 13/6*y**3 - y**2 - 7/24*y**4 + 2/15*y**5 + 0 + y. What is b(-9)?
-5
Let f(q) be the second derivative of 7*q**3/6 + q**2 - 11*q + 112. Suppose 5*l + 3 = -c, 1 - 6 = 3*l - c. Calculate f(l).
-5
Let t(u) = -18*u - 2*u**2 + 26*u + u**3 + 65 - 6*u**2 + u**2 - 3*u**2. Determine t(8).
1
Suppose w + 5*u = -0 - 7, -4*w + 4*u + 44 = 0. Suppose w*k - 3*k - 10 = 0. Let g(r) = -29*r - k + 14*r + 17*r. Determine g(-2).
-6
Suppose -h = 3*v + 4, 0 = 5*h + v + 3 - 39. Let q(n) = -n**2 + 12*n - 27. What is q(h)?
5
Let l(f) = 2*f - 5. Let z(n) = 1 - 2152*n**3 + 2151*n**3 + 1 - 3*n + 8*n**2. Let h be z(3). Let c be 2*h/16 - 5/(-20). Determine l(c).
5
Let w = -541 - -537. Let q(h) = h**3 - 8*h**2 + 3*h - 10. Let v(y) = y + 1. Let f(s) = w*v(s) - q(s). Determine f(7).
6
Let i(f) = f - 1. Suppose 3*o = -o. Suppose o = -2*s + 3*g, -5*s + 2*g = 9 + 2. Let d be s/(6/(-8)) - -3. What is i(d)?
6
Suppose 33*d - 234 = -52*d - 744. Let j(g) = 33*g + 214. What is j(d)?
16
Let x(o) = 0*o**3 + 9*o - 2*o**2 + 3 - o**3 + 9*o**2. Let s be 72/(-66) - -9 - (-20)/220. Calculate x(s).
11
Suppose -28*j + 276 = -88. Suppose -22*z + j = -21*z. Let o(f) = f**3 - 14*f**2 + 15*f - 15. Calculate o(z).
11
Suppose 0 = 38*f - 35*f - 18. Let r(d) be the first derivative of 3*d**2/2 + 8*d + 346. Give r(f).
26
Suppose -2*h + 816*d = 814*d + 12, 0 = -5*h + 3*d - 18. Let v(s) = -s**2 - 13*s + 14. Calculate v(h).
14
Suppose -2*c + 7 = -7. Let o be 3*(-2 - 1)/(-3). Let w(m) = 147 + 2*m**2 + 147 - 299 - o*m**2 + 5*m. Determine w(c).
-19
Let t be (6/18)/((-1)/(-15)). Let c be -11 + (-1692)/(-156) + 184/13. Let p(k) = 12*k - 2*k - 3 - c*k + 7. What is p(t)?
-16
Let f(y) = -11*y**3 - 5*y**2 + 25*y + 49. Let j(h) = -5*h**3 - 2*h**2 + 11*h + 24. Let c(p) = 4*f(p) - 9*j(p). Give c(0).
-20
Let l(q) = -4*q + 19 - 2*q - 3*q + q**2. Let t(a) = -2806*a + 36485. Let b be t(13). Give l(b).
5
Let q(o) = -1261 - 24*o + 600 + 691 + 478. Calculate q(21).
4
Let c(o) = -o**2 - o + 27. Let u = -14800 + 14811. What is c(u)?
-105
Let s(y) = -y**2 - 12*y + 40. Let h be (-152)/10 + (-17)/(-85). Let r be s(h). Let m(c) = c**2 + 6*c + 1. Calculate m(r).
-4
Let k = -7446 + 7450. Let n(d) = -11*d + 18. What is n(k)?
-26
Let w(v) be the first derivative of -v**3/3 + 9*v**2/2 + 17*v + 8122. Give w(10).
7
Let t(c) = -c**2 + 8*c - 5. Let m = -24 - -26. Let y be 13/m + (3/2)/3. Give t(y).
2
Let u be 1/(0 - 2/(-4)). Let f(s) = 7*s + 0 + 2*s**2 - 1 + u. Let h = 54 - 59. What is f(h)?
16
Let x be ((-16)/28)/(-2) - (0 - (-345)/105). Let c(n) = -1 + 5*n**2 - 3*n + 4 + n**3 + 2*n. Calculate c(x).
24
Let w(r) = -2*r**2 - r**2 + 3*r + 4*r**2. Suppose 12*f + 7 = -17. Let j be 495/(-90) - f/4. Calculate w(j).
10
Let z(r) = -r**2 - 9*r - 12. Let s(d) = -d**2 + 10*d - 7. Let g be s(10). Let o be z(g). Let u(n) = -n + 0*n - o + 4. Give u(5).
-3
Suppose 3*c + 18 = 3*o, -5*o + 3*c + 6 + 14 = 0. Let w be ((-11)/44)/(o/(-20)). Let f(u) = u**2 - u - 12. Give f(w).
8
Let b(d) = -4*d - 3. Let v be -3 + ((80/28)/5 - (-33)/77). Determine b(v).
5
Let f(z) = 84*z - 20 - 81*z + 26 - 29. Determine f(7).
-2
Let o(n) = -4*n + 22. Let a be o(5). Suppose 3*l = 3*y + 9, -2*l - l = -a*y - 6. Let r(p) = -p**2 - 2*p + 2. Determine r(y).
-1
Let w(d) = -15*d + 102. Suppose j = -4*v + 8, -j - 3572 = 2*v - 3582. What is w(j)?
-78
Let n(t) = 15 + 14 - 44 + 16 - 52*t + 48*t. Let k be ((-35)/(-42))/((-1)/(-6)). Let y be 14/35 - 12/k. Give n(y).
9
Suppose -4*c - 8*y + 3*y + 39 = 0, 0 = -4*c + 2*y + 46. Let t(z) = -7 - c + z + 11 + z. Calculate t(-5).
-17
Let b(z) = z**3 + 7*z**2 - 4*z - 3. Suppose -7*r + 455 + 1778 = 0. Let q = -326 + r. What is b(q)?
25
Let p(y) be the first derivative of 1/3*y**3 - 3*y + 30 + 3/2*y**2. Calculate p(-4).
1
Let h(i) be the third derivative of i**5/60 + 3*i**4/4 - 5*i**3/6 - 774*i**2. What is h(-9)?
-86
Suppose -5429 = d - 5433. Let y(i) be the third derivative of -7*i**4/24 + 2*i**3/3 + 2*i**2. Give y(d).
-24
Let t(j) be the third derivative of 0 - 13/24*j**4 + 1/120*j**6 + 0*j - 13/60*j**5 + 65*j**2 - 8/3*j**3. Give t(14).
-2
Let m(w) = 2*w**2 + 17*w - 56. Suppose -3*l + 5 + 16 = -3*c, -4*c = -5*l + 24. What is m